 the prime factors of 2 - (0 - q/1)?
2
Let j = -14 - 8. Let g = -1 - j. List the prime factors of g.
3, 7
Let j = 4 + 8. Let q be (-18)/(-5)*(-4 - -9). Let a = q - j. What are the prime factors of a?
2, 3
Suppose 6 = -m - 2*f, 0 = 2*m + 2*m - 4*f - 24. Let u be m/((-4)/(-26)) + -2. Let b = u - 1. List the prime factors of b.
2, 5
Suppose -6*i + 1705 = 5*i. List the prime factors of i.
5, 31
Suppose -4*m + 57 + 39 = 0. Suppose 0 = 4*h - m - 80. List the prime factors of h.
2, 13
Let k = -7 + 21. Suppose -5*z = -3*z - k. What are the prime factors of z?
7
Let d(x) = 21*x + 7. Let b be 84/49*14/4. Let g be d(b). What are the prime factors of 4/18 + g/9?
3, 5
Let q(r) = -4*r - 11. List the prime factors of q(-9).
5
Suppose -5*c + 22 = -3*c. What are the prime factors of c?
11
Let z be ((-9)/6)/((-2)/4). Suppose 3*b - 2 = -0*w + w, 4*w + z*b = 37. List the prime factors of w.
7
Suppose 0 = 4*o - y - 3 - 13, -y - 10 = -2*o. Suppose w + 5*a = 28, o*w - 3*a + 6 = -0. What are the prime factors of w?
3
What are the prime factors of 236/1 - (-6 + 5 - -2)?
5, 47
Let y(o) be the first derivative of -o**4/4 - 4*o**3/3 + 5*o**2/2 + 3*o - 1. List the prime factors of y(-5).
3
Suppose 3*i + 9 = -0*i. Suppose 11 = h + m, 13 - 80 = -5*h + m. Let r = h + i. What are the prime factors of r?
2, 5
Let t = 4 + 5. List the prime factors of t.
3
List the prime factors of 2/(-8)*(-36)/1.
3
What are the prime factors of 84 + 2/3*3?
2, 43
Let k(d) = -7*d + 3. Let v be k(3). Let r be (v/(-8))/((-1)/4). Let x(n) = n**2 + 8*n - 2. List the prime factors of x(r).
7
Let v be (-45)/(-10) - (-1)/(-2). Let f(g) = g - 1. Let l be f(-5). What are the prime factors of 266/21 + v/l?
2, 3
Let s(x) = x**3 - 5*x**2 - 5*x + 6. Let g be s(6). Let m = g + -8. Let k = 6 - m. List the prime factors of k.
2
Let a = -7 + 10. Suppose 0*k = -a*k. Suppose 5*o = 4*s + 48, -2*s + 6 = -k*s. What are the prime factors of o?
2, 3
Suppose w = 2*w + 3. Let q = 18 + w. What are the prime factors of q?
3, 5
What are the prime factors of (2 + (-4)/(-6))*(-486)/(-4)?
2, 3
Let m(k) = -k**2 + 5*k + 1. Let s be m(4). Let i be s/3 - (-5)/15. Suppose 82 = 4*z + 2*u, 0 = i*z + z + 2*u - 61. What are the prime factors of z?
3, 7
Let c(b) = b**2 + 34. Let v be c(0). Suppose 39 = -2*s - 9. Let p = s + v. What are the prime factors of p?
2, 5
Let g(q) = -2*q + 1. List the prime factors of g(-1).
3
List the prime factors of ((1722/9)/(-2))/(5/(-15)).
7, 41
Let j(c) = c + 1. Let r be j(1). Suppose r*h - 10 = h. Suppose q - 1 = -2*o, 3*q + h = 4*q - o. List the prime factors of q.
7
Let i(q) = q + 6. Let h be i(-6). Suppose y = -h*y + 3. List the prime factors of y/(-12) - 148/(-16).
3
Let p(t) = -25*t**3 - 5*t**2 - 5*t - 4. Let s(k) = -26*k**3 - 6*k**2 - 6*k - 5. Let q(c) = -6*p(c) + 5*s(c). What are the prime factors of q(1)?
19
Suppose -4*i + 5*v = 2*v - 463, 475 = 4*i + v. List the prime factors of i.
2, 59
What are the prime factors of (-86)/(-6)*3 - -2?
3, 5
Let y(n) be the second derivative of n**5/30 + n**4/12 - n**3/2 + n**2/2 - n. Let q(l) be the first derivative of y(l). List the prime factors of q(2).
3
What are the prime factors of (1 + -213 + 0)*24/(-48)?
2, 53
Suppose 3*y - 68 = t, -y + 2*t + 7 = -9. Let x(s) = -12*s**3 - s. Let w be x(-1). Let p = y - w. List the prime factors of p.
11
Let g be 23/(0 + 0 - -1). Let q = 32 - g. What are the prime factors of q?
3
Suppose 3*z = 172 + 134. What are the prime factors of z?
2, 3, 17
Let u = 12 - 18. Let l = 9 - u. What are the prime factors of l?
3, 5
Suppose 3*p - 5*k = 5*p - 399, 5*p - 960 = -5*k. What are the prime factors of p?
11, 17
Let g(h) = 2*h**2 - 5*h - 3. Let k be g(3). Suppose -5*u + 3 = -2, k = 5*s - 5*u - 135. List the prime factors of s.
2, 7
Suppose -13 = -5*c + 3*c + 3*u, -c + 7 = -2*u. Suppose -c*j - 9 = -8*j. List the prime factors of j.
3
Let y(n) = -n**3 + 6*n**2 + 7*n + 7. Let u be y(7). What are the prime factors of 2/u - 1800/(-70)?
2, 13
Let x be (12/(-8))/((-2)/12). Suppose b + x = -0*b + 2*d, 3*d = 12. List the prime factors of 58/12 - b/6.
5
Let b(k) be the second derivative of k**5/20 + k**4/2 - k**3 + 9*k**2/2 + k. List the prime factors of b(-7).
2
Let n be (216/(-45))/((-2)/35). Let v = -48 + n. List the prime factors of v.
2, 3
Let n be (-7)/(-1) + -7 + 4. What are the prime factors of n*(-1)/(12/(-9))?
3
Let h(n) = n**3 - 6*n**2 - 4*n - 3. Let b(k) = k**3 - 5*k**2 + 7. Let x be b(5). What are the prime factors of h(x)?
2, 3
Let c = -6 - -10. Suppose -1 = -5*y + c, -8 = -3*w - 2*y. List the prime factors of w.
2
Let h(a) = 9*a. Let l = -10 + 12. List the prime factors of h(l).
2, 3
Let b be (4 - -1)*(11 - 0). Suppose 2*a = 9 + b. List the prime factors of a.
2
Let i(q) = 6*q**3 - 3*q**2 + 2*q + 2. Let h be i(2). Let m = h + -23. Let z = -9 + m. List the prime factors of z.
2, 5
Let v(s) = -s**3 - 4*s**2 + 3*s - 7. What are the prime factors of v(-6)?
47
Let z = -29 + 63. Let h = z + -5. List the prime factors of h.
29
Suppose 0 = 2*k + 4, 0 = -4*c - 0*c - 3*k + 22. List the prime factors of c.
7
Let i = -55 + 80. What are the prime factors of i?
5
Suppose g - 36 = -g. Let r = -16 + 18. What are the prime factors of (r/(-4))/(-1)*g?
3
Suppose -2*w = 3*z - 0 + 1, -4 = 4*z. Suppose w = a + 6. Let c(l) = l**2 + 3*l - 2. List the prime factors of c(a).
2
Let o(g) = -3*g + 7. What are the prime factors of o(-25)?
2, 41
Let w(p) = -p**3 + 5*p**2 + 5*p + 8. Let q be w(6). Let o(f) = -f**2 + 4*f**q + 0*f**3 + 3*f + 2*f - f**3. List the prime factors of o(4).
2
Let x = 25 + -3. What are the prime factors of x?
2, 11
Suppose 0 = 4*k + k - 555. List the prime factors of k.
3, 37
Let c(o) = 20*o**2 + o. Suppose 4*d = 4*k - 3*k, d - 2*k - 7 = 0. List the prime factors of c(d).
19
Let l be 3/(-9) - 1/(-3). Suppose -w + 34 = 3*p, l = -w + 4*p - 2*p + 24. Suppose -f - 3*f = -4*h + w, 4*h + 3*f = 7. What are the prime factors of h?
2
Let h(y) be the first derivative of -y**5/30 + y**4/12 - y**3 - 3. Let n(j) be the third derivative of h(j). List the prime factors of n(-2).
2, 5
Let n(u) = 2*u**2 + u - 1. Let y be n(-2). Suppose 71 = 5*r + 4*h, -4*h = y*r - 2*h - 73. List the prime factors of r.
3, 5
Suppose 3*b - 24 = -5*i + 655, -2*i + 253 = -5*b. What are the prime factors of i?
2, 67
Let a(t) = 2*t**3 - 7*t**2 + 2*t + 4. Let h be a(5). Suppose -3*l - x = -29, -5*l = -2*x + 26 - h. List the prime factors of l.
11
Suppose 5*u = 3*x - 600, 3*x - 6*x - 3*u = -600. List the prime factors of x.
2, 5
Let q be (-6)/5*5/(-2). Suppose -2*a + 4*u = 2*a - 116, -q*u + 109 = 4*a. Suppose 4*i - a = 20. List the prime factors of i.
2, 3
Let u be (-4)/((-16)/20) - -2. List the prime factors of 147/u - (2 + 0).
19
Let i(p) = -p**3 - 6*p**2 - p + 1. Let v be i(-4). Let g = v - -16. Let u = -6 - g. What are the prime factors of u?
5
Let g(k) = -k**2 + 3*k - 2. Let i be g(2). Suppose n - 3 = -f - f, -n - 5 = i. Suppose -f = -0*o - 2*o. What are the prime factors of o?
2
Let w(x) = x**2 + 2*x. Let b be w(-1). Let q = b + 10. What are the prime factors of q?
3
Let s(b) = b**2 + 2 - 2*b**2 + 0*b**2 - b. Let m be s(3). Let x(n) = -n**2 - 10*n + 5. List the prime factors of x(m).
5
Let p = 484 - 242. What are the prime factors of p?
2, 11
Let z be -2 + 1 + 0 + 4. Suppose 4 = -3*b - 2*c + 16, -9 = -z*b - c. Suppose -b*k + 5 = -1. What are the prime factors of k?
3
Suppose 2*q - 3*w - 14 = 0, 2*q = 2*w + 23 - 9. Let k(x) = x - 1. What are the prime factors of k(q)?
2, 3
Let j = 10 + -3. Let h(s) = -s**2 + 10*s + 2. Let g be h(10). Suppose -2*w + g*x = -16, -2 + j = -x. What are the prime factors of w?
3
Let k(x) = 2*x**2 - 2*x - 5. Let r be (-1)/(2/(-4)) - 0. Let d(h) = -h**2 + 2*h + 5. Let m(t) = r*k(t) + 3*d(t). What are the prime factors of m(-5)?
2, 5
Let f = 6 + -4. Let y(z) = f*z**2 - z**2 + 2*z**2 + z**3 - 3*z. List the prime factors of y(-3).
3
Suppose 3*u - 5*u = -16. Suppose 0 = -2*s + 12 + u. List the prime factors of s.
2, 5
Let b(i) = i**2 - 10*i - 21. What are the prime factors of b(15)?
2, 3
Suppose -120 = -4*y - y. Let w = y + -11. List the prime factors of w.
13
Suppose 2*f - 13 = 25. Let j = 7 - f. List the prime factors of 1/((-2)/j) - 2.
2
Let r = -26 - -36. Let z = r + -2. What are the prime factors of z?
2
Let q(y) = 42*y**2 - y. List the pr